alculate the remainder when 447430 is divided by 1790.
1720
What is the remainder when 5852777 is divided by 3391?
3302
What is the remainder when 42415830 is divided by 1988?
1850
What is the remainder when 1841483 is divided by 207?
11
Calculate the remainder when 602576 is divided by 1409.
933
Calculate the remainder when 366045 is divided by 87.
36
Calculate the remainder when 85527 is divided by 85462.
65
Calculate the remainder when 1263548 is divided by 5563.
747
What is the remainder when 292919 is divided by 206?
193
What is the remainder when 8651 is divided by 109?
40
Calculate the remainder when 3819902 is divided by 475.
427
What is the remainder when 446398 is divided by 120?
118
Calculate the remainder when 69718295 is divided by 18.
11
What is the remainder when 124358 is divided by 262?
170
Calculate the remainder when 96665238 is divided by 14867.
4
What is the remainder when 1149804 is divided by 63874?
72
Calculate the remainder when 356518 is divided by 917.
722
Calculate the remainder when 48332 is divided by 640.
332
What is the remainder when 33499721 is divided by 6?
5
What is the remainder when 270701975 is divided by 536?
535
What is the remainder when 537186 is divided by 537179?
7
What is the remainder when 4080760 is divided by 17146?
12
What is the remainder when 4220344 is divided by 16550?
94
What is the remainder when 432142 is divided by 72012?
70
Calculate the remainder when 1408070 is divided by 352006.
46
Calculate the remainder when 90647 is divided by 2352.
1271
Calculate the remainder when 524023 is divided by 261943.
137
What is the remainder when 21367392 is divided by 21367354?
38
Calculate the remainder when 7464163 is divided by 3732077.
9
What is the remainder when 38267 is divided by 147?
47
Calculate the remainder when 17426330 is divided by 497.
19
What is the remainder when 26780791 is divided by 23067?
4
Calculate the remainder when 628442 is divided by 15711.
2
Calculate the remainder when 20919049 is divided by 25.
24
Calculate the remainder when 619204 is divided by 963.
958
What is the remainder when 362828 is divided by 8625?
578
What is the remainder when 614501 is divided by 307237?
27
What is the remainder when 2737345 is divided by 684291?
181
What is the remainder when 2880042 is divided by 116?
110
What is the remainder when 169696746 is divided by 28?
2
What is the remainder when 280618 is divided by 182?
156
Calculate the remainder when 4774135 is divided by 34.
25
What is the remainder when 872347 is divided by 1011?
865
What is the remainder when 6140 is divided by 440?
420
What is the remainder when 5454653962 is divided by 1334?
1332
Calculate the remainder when 2253484 is divided by 17202.
22
What is the remainder when 5720410 is divided by 8400?
10
What is the remainder when 42499 is divided by 652?
119
Calculate the remainder when 3174719 is divided by 3174712.
7
What is the remainder when 4151383 is divided by 16807?
54
What is the remainder when 147019946 is divided by 385?
381
Calculate the remainder when 1132509 is divided by 377222.
843
Calculate the remainder when 36301997 is divided by 10.
7
Calculate the remainder when 201847 is divided by 1073.
123
What is the remainder when 3666910 is divided by 248?
230
What is the remainder when 19852 is divided by 7996?
3860
Calculate the remainder when 69585 is divided by 759.
516
Calculate the remainder when 351822 is divided by 4952.
230
Calculate the remainder when 532654 is divided by 946.
56
What is the remainder when 355770198 is divided by 50?
48
What is the remainder when 10360 is divided by 4909?
542
What is the remainder when 11355790 is divided by 97058?
4
Calculate the remainder when 70756 is divided by 3350.
406
What is the remainder when 10415379 is divided by 162740?
19
Calculate the remainder when 1346061572 is divided by 12.
8
What is the remainder when 381314 is divided by 381314?
0
What is the remainder when 619126 is divided by 28138?
90
What is the remainder when 254217 is divided by 15888?
9
What is the remainder when 534865 is divided by 44453?
1429
Calculate the remainder when 106343 is divided by 1074.
17
What is the remainder when 505694 is divided by 334?
18
Calculate the remainder when 420562 is divided by 464.
178
What is the remainder when 623064 is divided by 301?
295
What is the remainder when 208572771 is divided by 311?
310
What is the remainder when 102484226 is divided by 2840?
2826
What is the remainder when 6510244 is divided by 198?
4
Calculate the remainder when 15047637 is divided by 36.
33
Calculate the remainder when 12302855 is divided by 9552.
9431
Calculate the remainder when 339474 is divided by 10584.
786
What is the remainder when 8520065 is divided by 2449?
2443
Calculate the remainder when 44418988 is divided by 15.
13
What is the remainder when 3607698658 is divided by 15?
13
Calculate the remainder when 5061772 is divided by 256.
140
Calculate the remainder when 35002601 is divided by 867.
77
Calculate the remainder when 27976170 is divided by 1036154.
12
Calculate the remainder when 18391 is divided by 8653.
1085
Calculate the remainder when 1748200 is divided by 291344.
136
What is the remainder when 23498777 is divided by 282?
281
Calculate the remainder when 140418 is divided by 313.
194
Calculate the remainder when 278755145 is divided by 101.
94
What is the remainder when 4205241 is divided by 630?
621
What is the remainder when 11527591 is divided by 3028?
3023
What is the remainder when 50050983 is divided by 164?
151
What is the remainder when 12455334 is divided by 155?
154
Calculate the remainder when 155962 is divided by 278.
4
What is the remainder when 818749 is divided by 136445?
79
What is the remainder when 431772 is divided by 53?
34
What is the remainder when 101453924 is divided by 13?
0
What is the remainder when 533062 is divided by 5731?
79
Calculate the remainder when 1449370034 is divided by 17.
14
Calculate the remainder when 23840 is divided by 6554.
4178
What is the remainder when 14601 is divided by 9?
3
Calculate the remainder when 128833 is divided by 1328.
17
Calculate the remainder when 221146 is divided by 357.
163
Calculate the remainder when 57248820 is divided by 21.
6
What is the remainder when 427960506 is divided by 86?
82
Calculate the remainder when 2753070 is divided by 658.
656
Calculate the remainder when 617 is divided by 225.
167
What is the remainder when 769081 is divided by 1501?
569
Calculate the remainder when 1333678 is divided by 2279.
463
What is the remainder when 854772 is divided by 19?
0
What is the remainder when 24377413 is divided by 17131?
0
What is the remainder when 21415654 is divided by 12?
10
What is the remainder when 167193477 is divided by 1077?
1074
Calculate the remainder when 550150 is divided by 931.
860
Calculate the remainder when 29092786 is divided by 1747.
1742
What is the remainder when 1352351 is divided by 7387?
530
What is the remainder when 42022986 is divided by 1999?
8
Calculate the remainder when 877175 is divided by 2118.
323
Calculate the remainder when 27821 is divided by 425.
196
Calculate the remainder when 241018202 is divided by 241018198.
4
Calculate the remainder when 65666 is divided by 1572.
1214
What is the remainder when 200705 is divided by 53?
47
Calculate the remainder when 397573 is divided by 16539.
637
Calculate the remainder when 3719483 is divided by 38345.
18
Calculate the remainder when 974282 is divided by 2342.
10
What is the remainder when 161160229 is divided by 29961?
10
Calculate the remainder when 56021 is divided by 11081.
616
What is the remainder when 843622 is divided by 281202?
16
What is the remainder when 50209 is divided by 1730?
39
Calculate the remainder when 2151010 is divided by 716896.
322
Calculate the remainder when 3293265 is divided by 23.
10
Calculate the remainder when 1538033 is divided by 626.
577
What is the remainder when 122494 is divided by 4522?
400
What is the remainder when 32652370 is divided by 3265233?
40
Calculate the remainder when 4720566 is divided by 112394.
18
Calculate the remainder when 2366297 is divided by 182019.
50
Calculate the remainder when 2102325 is divided by 1437.
1431
What is the remainder when 27193724